factor of 171 and 9423.
9
What is the greatest common divisor of 15054 and 1014?
78
What is the greatest common factor of 605181 and 183?
183
What is the greatest common factor of 5635 and 1265?
115
Calculate the greatest common divisor of 2779 and 7.
7
What is the greatest common divisor of 1012 and 51524?
44
Calculate the highest common factor of 634860 and 180.
180
Calculate the greatest common factor of 854798 and 70.
14
Calculate the greatest common divisor of 11 and 2810148.
11
Calculate the highest common factor of 23 and 701431.
23
Calculate the greatest common divisor of 228 and 34504.
76
Calculate the highest common divisor of 1651 and 2249.
13
What is the greatest common divisor of 1 and 385571?
1
Calculate the highest common divisor of 889392 and 6.
6
Calculate the highest common divisor of 592 and 38702.
74
Calculate the greatest common factor of 54 and 10692.
54
Calculate the greatest common factor of 205769 and 298.
149
What is the highest common factor of 38 and 722?
38
Calculate the highest common divisor of 706 and 134.
2
Calculate the highest common factor of 938006 and 692.
346
Calculate the highest common divisor of 168644 and 317.
317
What is the highest common factor of 913 and 5312?
83
What is the highest common divisor of 80 and 59660?
20
What is the greatest common factor of 20 and 14010?
10
Calculate the greatest common factor of 59 and 489523.
59
What is the greatest common factor of 55 and 4400?
55
What is the greatest common divisor of 166130 and 1480?
370
Calculate the greatest common factor of 46 and 5821829.
23
Calculate the greatest common factor of 36 and 65970.
18
Calculate the greatest common factor of 203919 and 1515.
303
Calculate the greatest common factor of 77 and 231308.
77
What is the highest common factor of 756725 and 675?
25
What is the highest common factor of 135 and 7287?
3
Calculate the highest common divisor of 216 and 1345800.
24
Calculate the greatest common factor of 5133 and 6018.
177
Calculate the highest common factor of 97146 and 1179.
9
Calculate the greatest common divisor of 69378 and 12462.
186
Calculate the greatest common divisor of 1281 and 2779.
7
Calculate the highest common factor of 8 and 972.
4
What is the greatest common factor of 6001 and 119?
17
What is the greatest common divisor of 5768 and 41612?
412
What is the highest common divisor of 4 and 97517?
1
Calculate the highest common factor of 4264 and 26104.
104
What is the highest common factor of 426022 and 586?
586
Calculate the greatest common divisor of 338889 and 1743.
249
What is the highest common divisor of 717 and 538467?
717
What is the highest common factor of 437 and 8625?
23
What is the greatest common divisor of 495 and 718410?
165
Calculate the greatest common divisor of 605 and 450340.
55
Calculate the greatest common factor of 1510 and 5.
5
Calculate the highest common factor of 2205 and 1755.
45
What is the highest common divisor of 1750 and 3710?
70
What is the highest common factor of 13758372 and 612?
612
Calculate the highest common factor of 72 and 45891.
9
What is the highest common factor of 20430 and 450?
90
What is the greatest common divisor of 220 and 138490?
110
Calculate the greatest common divisor of 24 and 1932408.
24
Calculate the greatest common divisor of 285 and 29127.
57
What is the highest common divisor of 32 and 624768?
32
What is the greatest common factor of 7290925 and 1475?
1475
Calculate the greatest common factor of 720266 and 596.
298
What is the greatest common factor of 160350 and 2550?
150
What is the greatest common divisor of 1831649 and 103?
103
Calculate the highest common factor of 2592 and 10638.
54
What is the highest common factor of 273 and 109977?
21
Calculate the greatest common divisor of 6720 and 1230.
30
What is the greatest common divisor of 361 and 247323?
19
Calculate the greatest common divisor of 58 and 521159.
29
What is the highest common divisor of 6 and 4846?
2
Calculate the highest common factor of 32676 and 3900.
12
What is the highest common divisor of 8103 and 511?
73
What is the greatest common divisor of 60 and 2801010?
30
Calculate the greatest common divisor of 45 and 48105.
45
What is the highest common factor of 48 and 488336?
16
Calculate the highest common factor of 390 and 340730.
130
What is the highest common factor of 254 and 28575?
127
What is the greatest common factor of 34916 and 130032?
1204
What is the highest common factor of 40 and 38120?
40
What is the greatest common divisor of 4070 and 15400?
110
Calculate the greatest common factor of 2135 and 304695.
305
Calculate the highest common divisor of 972468 and 63.
63
Calculate the highest common factor of 2288 and 3096236.
572
What is the greatest common divisor of 323915 and 35?
5
What is the greatest common factor of 8 and 184316?
4
What is the greatest common factor of 1319188 and 8372?
1196
What is the highest common factor of 578 and 72488?
34
Calculate the greatest common factor of 77614 and 755.
151
Calculate the highest common factor of 57 and 1044031.
19
What is the highest common divisor of 66 and 14949?
33
Calculate the greatest common factor of 513 and 57209.
19
Calculate the highest common factor of 51980 and 184.
92
What is the greatest common divisor of 1815541 and 14?
7
What is the greatest common factor of 45 and 24765?
15
Calculate the highest common divisor of 52593 and 16215.
141
Calculate the greatest common divisor of 129389 and 962.
481
What is the highest common divisor of 25379 and 2009?
41
Calculate the greatest common factor of 332720 and 1280.
80
Calculate the highest common factor of 52469 and 8868.
739
What is the highest common divisor of 58636 and 7276?
428
What is the greatest common divisor of 106642 and 15478?
142
What is the greatest common factor of 886 and 16391?
443
Calculate the greatest common divisor of 322839 and 4348.
1087
Calculate the highest common factor of 7329112 and 1624.
1624
What is the greatest common divisor of 40726 and 287?
7
Calculate the greatest common divisor of 1222 and 12502.
94
Calculate the highest common divisor of 816283 and 13.
13
Calculate the highest common factor of 159 and 1893.
3
Calculate the highest common divisor of 9169 and 424.
53
Calculate the greatest common divisor of 296986 and 3260.
326
Calculate the greatest common factor of 102270 and 14.
14
Calculate the highest common factor of 35866 and 316.
158
Calculate the greatest common divisor of 14964 and 1218.
174
What is the highest common factor of 98 and 291802?
14
What is the highest common factor of 1947 and 1221?
33
Calculate the highest common factor of 114 and 95741.
19
Calculate the highest common factor of 6622 and 258.
86
What is the greatest common divisor of 4125 and 29425?
275
What is the greatest common factor of 40216 and 148068?
1828
Calculate the greatest common divisor of 17748 and 14036.
116
Calculate the greatest common factor of 37580 and 260.
20
Calculate the greatest common divisor of 3495 and 3585.
15
Calculate the greatest common divisor of 90 and 2670.
30
Calculate the greatest common factor of 135 and 5319.
27
Calculate the highest common factor of 292 and 1855076.
292
What is the greatest common factor of 24935845 and 11?
11
What is the greatest common factor of 63869 and 13?
13
What is the greatest common divisor of 74382 and 784?
98
What is the greatest common factor of 8 and 2696?
8
What is the highest common divisor of 9114 and 23250?
186
What is the highest common factor of 14410 and 946?
22
Calculate the highest common divisor of 18 and 1164906.
18
What is the greatest common factor of 23 and 40733?
23
What is the greatest common factor of 300 and 14925?
75
Calculate the greatest common factor of 55 and 1612919.
11
Calculate the highest common factor of 3420 and 19836.
684
Calculate the greatest common divisor of 186 and 1132554.
186
What is the highest common divisor of 4418 and 141?
47
Calculate the highest common divisor of 1495 and 5265.
65
Calculate the greatest common factor of 429 and 217173.
33
Calculate the greatest common factor of 4807 and 30019.
11
What is the greatest common divisor of 1168544 and 208?
208
What is the highest common divisor of 833 and 888811?
833
Calculate the highest common di